by 341232?
9
What is the remainder when 1345906 is divided by 1132?
1090
What is the remainder when 1907451 is divided by 16?
11
What is the remainder when 1181326 is divided by 182?
146
What is the remainder when 1025752 is divided by 20?
12
What is the remainder when 610517 is divided by 1775?
1692
What is the remainder when 17963135 is divided by 503?
502
Calculate the remainder when 12544753 is divided by 200.
153
What is the remainder when 476286 is divided by 235735?
4816
Calculate the remainder when 14198565 is divided by 2357.
2354
What is the remainder when 3689439 is divided by 122981?
9
What is the remainder when 124160026 is divided by 19955?
16
What is the remainder when 1198271 is divided by 580?
571
Calculate the remainder when 75620 is divided by 18194.
2844
What is the remainder when 656758 is divided by 676?
362
Calculate the remainder when 104964 is divided by 1751.
1655
What is the remainder when 590416 is divided by 587336?
3080
What is the remainder when 4256786 is divided by 1380?
866
Calculate the remainder when 17231260 is divided by 227.
144
What is the remainder when 9526245 is divided by 61?
58
What is the remainder when 91454 is divided by 30297?
563
What is the remainder when 27846329 is divided by 48?
41
What is the remainder when 5427425 is divided by 16547?
9
Calculate the remainder when 13851727 is divided by 1731464.
15
Calculate the remainder when 586114622 is divided by 166.
162
What is the remainder when 3717 is divided by 1432?
853
What is the remainder when 3757584 is divided by 1034?
28
What is the remainder when 76231 is divided by 289?
224
What is the remainder when 14663597 is divided by 65?
52
What is the remainder when 6330610 is divided by 17?
14
Calculate the remainder when 1942786 is divided by 485692.
18
What is the remainder when 22541098 is divided by 2234?
38
Calculate the remainder when 217779 is divided by 43546.
49
Calculate the remainder when 83679 is divided by 1073.
1058
Calculate the remainder when 12797998 is divided by 790.
788
What is the remainder when 626029 is divided by 2288?
1405
What is the remainder when 170021 is divided by 33174?
4151
What is the remainder when 45828565 is divided by 954761?
37
Calculate the remainder when 203151 is divided by 1577.
1295
Calculate the remainder when 523679 is divided by 24928.
191
What is the remainder when 8520 is divided by 7387?
1133
What is the remainder when 3731903 is divided by 76?
75
Calculate the remainder when 80951 is divided by 8075.
201
What is the remainder when 11236327 is divided by 182?
11
What is the remainder when 1230426 is divided by 1773?
1737
What is the remainder when 3865 is divided by 3586?
279
What is the remainder when 4263617 is divided by 6855?
6662
Calculate the remainder when 373863 is divided by 704.
39
What is the remainder when 13068 is divided by 1629?
36
Calculate the remainder when 6082389 is divided by 2002.
313
Calculate the remainder when 1021106 is divided by 979.
9
What is the remainder when 341247 is divided by 4014?
57
Calculate the remainder when 788979 is divided by 210.
9
Calculate the remainder when 27200611 is divided by 9.
1
Calculate the remainder when 1212991 is divided by 273.
52
Calculate the remainder when 203799 is divided by 13075.
7674
Calculate the remainder when 542139 is divided by 337.
243
Calculate the remainder when 85251746 is divided by 7.
6
Calculate the remainder when 1040 is divided by 329.
53
What is the remainder when 443793 is divided by 2898?
399
What is the remainder when 5386722 is divided by 769519?
89
What is the remainder when 10150275 is divided by 210?
135
What is the remainder when 198217 is divided by 181?
22
Calculate the remainder when 258750 is divided by 154.
30
Calculate the remainder when 2128672 is divided by 404.
400
What is the remainder when 5219135 is divided by 9?
8
Calculate the remainder when 115940 is divided by 304.
116
Calculate the remainder when 90840 is divided by 2330.
2300
Calculate the remainder when 729904 is divided by 72641.
3494
What is the remainder when 175194678 is divided by 20?
18
What is the remainder when 380605 is divided by 293?
291
Calculate the remainder when 99932944 is divided by 1211.
13
What is the remainder when 249911 is divided by 205?
16
What is the remainder when 382264 is divided by 1541?
96
What is the remainder when 521178 is divided by 1909?
21
What is the remainder when 1561336 is divided by 133?
49
Calculate the remainder when 114906 is divided by 12765.
21
Calculate the remainder when 22063182 is divided by 22063175.
7
Calculate the remainder when 1671725 is divided by 151920.
605
What is the remainder when 31841090 is divided by 105434?
22
Calculate the remainder when 61579 is divided by 453.
424
What is the remainder when 4904 is divided by 1217?
36
What is the remainder when 4829358 is divided by 2379?
2367
Calculate the remainder when 2441234 is divided by 5651.
2
Calculate the remainder when 12431 is divided by 2744.
1455
What is the remainder when 439660 is divided by 36549?
1072
What is the remainder when 11401400 is divided by 5700617?
166
What is the remainder when 28800172 is divided by 567?
541
Calculate the remainder when 454807 is divided by 114.
61
What is the remainder when 12674523 is divided by 36526?
1
Calculate the remainder when 313037 is divided by 1957.
1874
What is the remainder when 552370981 is divided by 4047?
4045
What is the remainder when 2006268 is divided by 42?
12
What is the remainder when 453453 is divided by 226611?
231
What is the remainder when 3884191 is divided by 130?
51
What is the remainder when 26282830 is divided by 495902?
24
What is the remainder when 20909834 is divided by 17?
4
What is the remainder when 865877 is divided by 609?
488
What is the remainder when 69772 is divided by 3360?
2572
Calculate the remainder when 15657 is divided by 6946.
1765
What is the remainder when 20016801 is divided by 20016750?
51
Calculate the remainder when 281623 is divided by 582.
517
Calculate the remainder when 544190 is divided by 296.
142
What is the remainder when 225015 is divided by 1758?
1749
Calculate the remainder when 131768 is divided by 835.
673
Calculate the remainder when 1540079 is divided by 674.
663
Calculate the remainder when 53241 is divided by 532.
41
What is the remainder when 159700 is divided by 1140?
100
Calculate the remainder when 197290 is divided by 98388.
514
What is the remainder when 177469 is divided by 1756?
113
What is the remainder when 234908 is divided by 284?
40
Calculate the remainder when 10907 is divided by 714.
197
What is the remainder when 120376406 is divided by 2336?
2326
Calculate the remainder when 2502 is divided by 1303.
1199
What is the remainder when 2237478 is divided by 2237476?
2
What is the remainder when 18096281 is divided by 7?
0
What is the remainder when 118085518 is divided by 742676?
34
Calculate the remainder when 26231 is divided by 2729.
1670
Calculate the remainder when 85598 is divided by 28526.
20
Calculate the remainder when 530645 is divided by 4959.
32
Calculate the remainder when 846287006 is divided by 56.
54
Calculate the remainder when 43961729 is divided by 18755.
9
What is the remainder when 158688 is divided by 529?
517
Calculate the remainder when 2007144 is divided by 116.
112
What is the remainder when 2984902 is divided by 994675?
877
Calculate the remainder when 151211 is divided by 21569.
228
Calculate the remainder when 194622043 is divided by 113.
109
Calculate the remainder when 97189553 is divided by 359.
355
What is the remainder when 933043 is divided by 4860?
4783
Calculate the remainder when 121901 is divided by 5548.
5393
What is the remainder when 1876848 is divided by 11730?
48
Calculate the remainder when 37151 is divided by 795.
581
What is the remainder when 2429839 is divided by 312?
295
What is the remainder when 329927 is divided by 105?
17
Calculate the remainder when 419200 is divided by 26193.
112
Calculate the remainder when 251367580 is divided by 1212.
1204
What is the remainder when 58370839 is divided by 334?
331
What is the remainder when 3346681 is divided by 15212?
41
What is the remainder when 178891 is divided by 3886?
135
What is the remainder when 1527